f k(-22).
2, 3, 2029
Suppose 4*t + 5 = -5*p, -p = -2*t - 5*p - 4. Suppose 8*r + 10*r - 6768 = t. What are the prime factors of r?
2, 47
Let q = -8 - -33. Suppose q*c = 27*c - 4. List the prime factors of (c/(-6))/1*(6 - 228).
2, 37
Suppose -2*c + 12 = 4*o + 2*c, 0 = -o + 2*c + 9. Suppose 34 = o*a + 9. Let k = a - -32. List the prime factors of k.
37
Suppose -489*p + 315832 = -392*p. List the prime factors of p.
2, 11, 37
Let n be 3/(21665/(-21686) - (-1 - 0)). Suppose -6*l = -n + 14. Let h = l + -324. What are the prime factors of h?
2, 5, 19
Suppose -1194*x + 1201*x - 35 = 0. Suppose x*u - 3745 = -5*o, 5*o - 31*u + 29*u = 3745. List the prime factors of o.
7, 107
Suppose b = -b - 36. Let d be (-104)/234*b/4. Suppose 0 = -3*j - d*j - q + 564, 4*j - 4*q = 432. List the prime factors of j.
2, 7
Suppose -3*z + 27 = -3*f - 15, -2*f = -8. Suppose q - 2926 = -z*q. List the prime factors of q.
2, 7, 11
Suppose 3*g - 513 = -4*x, -3*x + 615 = 2*x - 5*g. Suppose -128*m + x*m + 910 = 0. What are the prime factors of m?
5, 7, 13
Suppose 48*p = 17*p + 169787. What are the prime factors of p?
5477
Let v be 1/(2 - 9/5). Suppose s = -3*z + 1419, -z - v*s + 459 = -0*s. List the prime factors of z.
2, 3, 79
Let b be 2/7 + (-6)/21. Suppose 5*k + 2*u - 82 = b, 4*k + 4*u - 65 = 3*u. Let a = k - -48. What are the prime factors of a?
2
Let o(t) = 2*t**3 + 1. Let u(s) = -7*s**3 - 2*s**2 + 6*s - 675. Let j(k) = -4*o(k) - u(k). List the prime factors of j(0).
11, 61
Suppose 4*p = 65 - 61. Suppose 5*j = 3*n + 2, 5*j = 4*n - 0*j + p. Suppose -15 - n = -4*a. List the prime factors of a.
2
Let o(t) = -7*t**3 - 9*t**2 - 8*t + 9. Let b be o(-5). Suppose -m - 5*w = -b, 0*m - m + 717 = -w. What are the prime factors of m?
2, 3, 7, 17
Let s(f) = 157*f**2 + 6*f - 58. List the prime factors of s(5).
3, 433
Let d(h) = 19*h**2 - 7*h + 16. Let x = 100 + -95. Let r be d(x). Let b = r + -321. What are the prime factors of b?
3, 5
Let b = -1212 - -1191. Let u = 46 + 23. Let f = b + u. What are the prime factors of f?
2, 3
Suppose 132 = 6*i + 108. Let o(y) = y**3 + 0*y + 6 - 4*y + 3*y. List the prime factors of o(i).
2, 3, 11
Suppose -671*i + 3511697 = -468*i. List the prime factors of i.
17299
Suppose -8*k = 11 + 21. Let o be ((-32)/(-4))/k + 5/1. Suppose -o*z - 3*z + 612 = 0. List the prime factors of z.
2, 3, 17
Let j(r) = -4*r - 39. Let h be j(-12). Let i = 25 - h. What are the prime factors of (-428)/(-14) + i/(-28)?
2, 3, 5
Let w be (23/(-138) + (-1)/2)*-18. Let s(h) = 0*h**2 - 2*h**2 + 15*h + 11 + h**2. List the prime factors of s(w).
47
Let m be -2*3*(-4)/6. Let y be 4*(4 + (m - 9)). List the prime factors of (-1)/(16/(-1028)) + 1/y.
2
Let x(l) = -37 - 19*l + 18*l - 17*l - 7*l. List the prime factors of x(-12).
263
Suppose -a - a + x = -16059, 16062 = 2*a - 4*x. List the prime factors of a.
7, 31, 37
Let a be (0 + -36)*(-200)/60. Suppose -a = -3*f - 7*f. List the prime factors of (-13 - -7)*(-146)/f.
73
Let s(o) = 4*o**2 + 51*o + 30. Let i be s(-16). Let t = i + -113. What are the prime factors of t?
5
Let y(o) = -325*o - 78. Let p(a) = -2*a + 1. Let t(c) = -5*p(c) + y(c). What are the prime factors of t(-3)?
2, 431
Let q = -653 - -923. Let v be (210938/84)/(-19) - 1/(-6). Let p = v + q. What are the prime factors of p?
2, 3, 23
Let k(w) = -18*w + 15*w - 61*w - 9 - 73*w. Let u be k(-3). Suppose 0 = -4*y + o - 2*o + u, 3*y = -2*o + 304. List the prime factors of y.
2, 5
Let r(f) = 89*f**2 + 26*f + 135. What are the prime factors of r(-4)?
3, 5, 97
Suppose -47*l = -31*l + 5872. Let j = l + 1005. What are the prime factors of j?
2, 11, 29
Let l(g) = g**3 + 7*g**2 + 9*g + 69. Let h be l(-7). Suppose 0 = 2*a - h, 4*b + 2*a = 610 + 1732. List the prime factors of b.
2, 73
Let m(f) = -12*f + 9. Let v be (-4)/((-16)/(-100))*1. Let i = 18 + v. List the prime factors of m(i).
3, 31
Suppose -398 = -t + 200. Let y = 1224 - t. What are the prime factors of y?
2, 313
Suppose 0 = 5*d + 35, 31*o - 3*d + 11271 = 32*o. List the prime factors of o.
2, 3, 941
Let c(z) = 8*z - 19. Let h be c(6). Let k = 69 - h. Suppose -k = -36*x + 31*x. What are the prime factors of x?
2
Let q = 13756 + -7051. What are the prime factors of q?
3, 5, 149
Suppose 9*c = 49922 + 9808 + 32304. What are the prime factors of c?
2, 5113
Let w = -70122 + 110107. List the prime factors of w.
5, 11, 727
Suppose 35 = -4*y + 135. Suppose 0 = 21*n - y*n - 12. List the prime factors of (-39)/(-4 - n) + -4.
5, 7
Let x = -3784 - -5024. List the prime factors of x.
2, 5, 31
Let o(w) = -12*w - 82. Let y be o(-8). What are the prime factors of (-6)/y + 21/(735/59690)?
5, 11, 31
Suppose 0 = 3*q - 36 + 48. Let c(p) = p**2 + 2*p + 3. List the prime factors of c(q).
11
Let x = -263 + 265. Suppose -2*u - 2699 = -5*w - 77, x*w - 5*u = 1032. What are the prime factors of w?
2, 263
Let d(m) = 2*m**3 + 140*m**2 - 107*m + 2. What are the prime factors of d(-70)?
2, 1873
Let u be (-936)/20*(25/(-2))/5. Suppose q = u + 199. What are the prime factors of q?
2, 79
Let z = 8224 - 4732. What are the prime factors of z?
2, 3, 97
Let c(t) = 341*t - 30. Let b(i) = 38*i - 263. Let o be b(7). What are the prime factors of c(o)?
3, 331
Let t be -2*6/(((-40)/25)/2). Suppose 3*j - 15 = 0, -2*y - t = -j - 218. What are the prime factors of y?
2, 13
Let i be (-3 + 12/3)*128. Suppose 2072 = 3*w + t, -2*w - 3*w - 2*t = -3452. Suppose -d + g - 4*g + i = 0, -2*g = 5*d - w. What are the prime factors of d?
2, 5, 7
Suppose -q = f - 9, -4*q = -5*f + 4*f - 11. Let k be (-21 - (-25780)/80) + (-10)/8. Suppose -q*d + k = -d. What are the prime factors of d?
2, 5
Suppose 34699*y + 278407 = 34718*y. What are the prime factors of y?
14653
Suppose 199097 = 17*z + 7*z - 267127. List the prime factors of z.
2, 11, 883
Let m(u) = 204*u**2 - 74*u + 445. What are the prime factors of m(6)?
5, 13, 113
Let i(t) = 5*t - 15. Let a be i(3). Suppose -2*z + a*z = 2*z. Suppose z*u + 168 = 4*u. List the prime factors of u.
2, 3, 7
Let d = -18500 + 27179. List the prime factors of d.
3, 11, 263
List the prime factors of 5799 + 34/(-51)*(4 - (-1)/(-1)).
11, 17, 31
Let u(q) = -3*q - 28. Let y be u(-10). Let o(b) = -2 - 221*b**3 + 4*b**2 - 2*b - 3*b**y - 6*b**3. List the prime factors of o(-1).
2, 3, 19
Let d(t) = 5243*t**2 - 81*t - 18. What are the prime factors of d(-2)?
2, 5279
Let g = -757 - -1040. Let c be ((-12)/(-3))/((-3)/(-45)). Suppose 4*v = 5*z - g + c, -229 = -5*z + 2*v. List the prime factors of z.
47
Let h = 11224 + -11223. Suppose 5*c + 531 = 1681. What are the prime factors of c + h + 4/(-1)?
227
Suppose 7*t + 26*t - 141372 = 0. What are the prime factors of t?
2, 3, 7, 17
Let w(i) = 14*i - 66. Let u be w(5). Suppose 4*j - 1160 = -u*a + 392, -761 = -2*j + 3*a. What are the prime factors of j?
5, 7, 11
Let d(r) = 5*r + 18. Let h be d(-6). Let c be h/18 - (-301)/(-3). What are the prime factors of -4 - (-4 + 3) - c?
2, 7
List the prime factors of 39/(-3 + (-8 - 12384/(-1125))).
3, 5, 13
Suppose -4*m - 2*l = -32, -106*l + 6 = -109*l. List the prime factors of 5692/16 - m/12.
5, 71
Suppose -17624 + 7435 + 449038 = 9*j. What are the prime factors of j?
48761
Let v = 15607 - 5144. List the prime factors of v.
10463
Suppose 2*c = 5*n - 58451, 24*n = 21*n - c + 35086. What are the prime factors of n?
11, 1063
Let c = -176 - 21. Let y = c - -633. What are the prime factors of y?
2, 109
Let o(n) be the third derivative of -8*n**4/3 + 139*n**3/6 + 152*n**2. List the prime factors of o(-12).
907
Let a(f) = 45*f + 34. Let r be a(-4). Suppose 2*z - 1380 = -5*m, 976 + 141 = 4*m - z. Let g = m + r. What are the prime factors of g?
2, 3, 11
Suppose -20*x + 19*x = -172. Suppose l = 3*t - 19 + 73, 3*l = 4*t + x. Let m = l + -27. List the prime factors of m.
3, 11
Let g = 17201 - 7596. List the prime factors of g.
5, 17, 113
Let v = 77198 + -44469. What are the prime factors of v?
23, 1423
Let t = 16812 - 4969. List the prime factors of t.
13, 911
Let g be 5 - (7 - 3) - -2757. Suppose -9*b + g + 2273 = 0. What are the prime factors of b?
13, 43
Let x(b) = -b**2 + 5*b. Let t be x(4). Suppose t*n - 8 = -p, 4*p + p = 5*n - 10. Suppose p = 11*k - k - 610. List the prime factors of k.
61
Suppose -m + 42*b = 44*b - 46114, -2*m + 92192 = -5*b. What are the prime factors of m?
2, 23053
Let f = 34 - 2